 -11))?
27
What is the value of 4 - -24 - (185 + -130)?
-27
Evaluate 11 - 3 - 1 - 2.
5
What is 10 + -5 - (-19 - -14 - -11)?
-1
(-7 - 1 - -5) + 4 + (1 - 1)
1
What is (3 - -12) + (-60 - -34) + 13?
2
0 + (5 - 8 - -15)
12
Evaluate 6 - (-24 + 10) - 19 - (1 + -10).
10
What is the value of -2 + (294 - 276) + (1 - 2 - 4)?
11
Calculate -4 + 5 + (0 + -6 - (-6 - 8)).
9
Calculate 6 - -1 - 3 - (1 + 4 + 12).
-13
Calculate 14 + (31 - (12 + 16)).
17
(-1 - (-32 + 14 + 2)) + -19
-4
-39 + 11 - -16 - -14
2
What is (3 - (0 - -9 - 22)) + (1 - 5)?
12
What is the value of -8 - (-6 + -4 + 5 + -8)?
5
Calculate 0 - ((8 - 19) + 7 + -6).
10
Evaluate (-20 - -17 - -7) + -1 + 2 + 3.
8
(2 - -17 - 21) + -9
-11
Calculate (1 - ((-5 - -9) + -10)) + -20.
-13
(-7 - (-12 - (-11 - -11))) + -26
-21
What is the value of -2 - (-5 - 1) - (26 + (-63 - -12))?
29
21 + (-12 - 19) + -5
-15
Calculate -7 + (-7 - -5) + -9 + 11.
-7
What is -4 - 8 - (-3 - 4) - (-2 + 0)?
-3
(1 - 12) + (5 - 22) + 14 - -1
-13
Evaluate (8 - 10) + 3 + 18 - (4 - 1).
16
What is the value of 1 - 15 - (-15 - 6 - -12) - -15?
10
What is the value of 5 - (-9 + 6 + -3 - 16 - -3)?
24
Calculate -822 - -807 - (-21 + 0).
6
Evaluate -8 - -24 - (14 - 1).
3
Evaluate 19 - (4 - (8 + (0 - -4) - 6)).
21
What is -4 - -2 - -12 - (-2 + 5)?
7
Calculate 3 + 0 + -13 + 23 + 4.
17
Calculate 21 + (-5 - (20 + -19)).
15
(-117 - -125) + -19 + 0 + -7 + 0
-18
What is the value of 10 - ((12 - 20) + 8)?
10
4 + 13 - (-4 - -12)
9
What is the value of 3 - -1 - (-9 + 14 + 4 + -3)?
-2
Calculate -13 + (-6 + 8 - -40) + 3.
32
Calculate ((-7 + 2 - -11) + -9 - 19) + -11.
-33
Calculate -7 - (-8 + 13 - 16) - 3.
1
What is the value of (10 - (-4 - -8)) + 1 + -5 - 2?
0
What is the value of (-5 - (-3 + -3 + (0 - 3))) + 24?
28
Evaluate -23 + (-1 + -2 - (-44 - -42)).
-24
What is (-3 - -2 - -6) + -16 - -3?
-8
What is 18 + (-36 - (12 + -37))?
7
What is -82 + 73 - (-23 + 0)?
14
What is -4 + -2 - 2 - -3 - (-1 + 4)?
-8
Calculate -4 + (2 - 1) + 2 + (-10 - 12).
-23
-2 - (3 + -14 + -4)
13
What is the value of -6 + (-11 - -7) - (-2 - -4)?
-12
Evaluate 10 - 2 - (17 - (0 + 16)).
7
What is the value of -5 + -2 + 12 + -13 + -2?
-10
Calculate (90 - 67) + (-7 - (3 + -1)).
14
Calculate 1 + (-16 - (22 - 27)).
-10
Evaluate -20 + (-11 - -11) + 10.
-10
What is 9 + (29 - (-29 - -44))?
23
Calculate (-38 - -11) + 4 + 1 + -6 + 11.
-17
What is (-2 + 0 - (34 - 26)) + -4?
-14
Calculate -129 + 99 + (-3 - -8 - -4).
-21
What is the value of (-1 - -5) + -28 + -14 + 12 + 6?
-20
0 + 12 + -10 + (2 - 4 - 1)
-1
-5 + 39 + -24 + 7 + -1
16
What is the value of 0 + 2 - (9 + -10 - (-10 - -13))?
6
What is the value of (-5 - -1) + (8 + -8 - -5)?
1
What is -41 + 58 + -17 - -19?
19
What is the value of (152 - 166) + 4 + (1 - -3)?
-6
Calculate 19 - (7 + -4 - -8).
8
Calculate -17 - (-4 - -4 - (18 - 16)).
-15
Calculate (-16 - -23) + 18 + -1 - (2 + 4).
18
Evaluate 34 - 16 - 12 - 26.
-20
What is 5 + (10 - 27 - -2)?
-10
-2 + (-8 - -4) - 0 - -3 - 4
-7
Evaluate 11 + 18 + -88 + 58.
-1
Evaluate 26 - (18 + -9) - 7 - (2 + -3).
11
Evaluate (44 + -52 - (-5 - -2)) + 12.
7
What is -1 + (14 - (-40 - -29))?
24
What is the value of 29 + -18 + -5 + 1?
7
Calculate 3 - ((-2 - 0) + (-6 - -7) + -3).
7
What is the value of 40 - (-15 + 26) - 19?
10
-1 - (-2 - -3) - -9 - (-283 + 286)
4
What is -3 + 3 + 23 + -11?
12
(-6 - -2) + 3 + -9
-10
23 - (-8 - (2 + -20 + 6))
19
(-13 - -2 - -8) + 2 + 5 + 2
6
What is the value of -4 + 3 + -1 + -4?
-6
What is the value of -11 - (-5 + -3 + 8) - -2?
-9
Calculate -10 - -12 - 23 - -8.
-13
2 + 3 + 1 + -4 - (-13 - -9)
6
Evaluate (6 - -1) + -2 + -14.
-9
-2 + 5 - (20 - 20) - -28 - 10
21
What is the value of -2 - (44 + -3 - 11 - 11)?
-21
13 - (16 - (18 + -9))
6
What is -8 + (-2 - -5) + (17 - 35 - -19)?
-4
-1 + (4 - -43) + -30
16
3 - -7 - 2 - (-2 - -16) - 7
-13
55 + -49 + -13 + 0 - -5
-2
What is the value of -17 + 1 + -1 + 30?
13
-2 - (3 - 1) - (187 + -185)
-6
(-6 - -1) + (5 - (3 + -7))
4
-4 - (3 + 2 + 1 + -4 + 5)
-11
Calculate (-20 - (-21 + 2)) + 4 + -24 + -5.
-26
Calculate (1 - 3) + -296 + 285.
-13
What is (0 + (6 - 7) - -11) + 2?
12
Evaluate -4 + -5 + 10 + -6 + 15.
10
(205 - 188) + -30 + 0
-13
What is the value of -54 - 1 - (-1809 + 1782)?
-28
What is 3 - 2 - (28 + -18) - -6?
-3
6 - (8 + (6 - (-3 - 3)) + -48)
34
Calculate -22 - (4 - (29 + 3)).
6
What is the value of (26 - -6) + -18 + -1?
13
Evaluate 1 + (5 - -3) + -16 - -1.
-6
5 + 20 + -21 - 0
4
Calculate -8 + 7 - ((18 - 19) + (-2 - -8)).
-6
(33 - 3) + -15 + 4 + -5
14
-4 - 10 - (-5 + (-66 - -22))
35
What is 42 - (22 - (-20 + 20))?
20
What is the value of 8 + 12 + (-15 - -19)?
24
Evaluate -38 + -31 + 15 + 20.
-34
What is (7 - (-10 + 17)) + 4?
4
Calculate -7 + (18 - 8) - (1 - 9).
11
2 + (10 - 0) - (-3 + (4 - -4))
7
What is the value of 9 + (48 - 53) + -12 + 2?
-6
Evaluate 16 - (2 + -14 + 19).
9
-4 - (0 + -9 + 3) - -4
6
Calculate -11 + 39 + -26 + -10.
-8
What is the value of (-2 - -1 - 0) + -10 + -2 + 12?
-1
Calculate -9 + (71 + -27 - 59).
-24
Evaluate 13 - ((22 - 8 - 7) + (-3 - -1)).
8
What is the value of (1 - 9) + 2 - (37 - 5 - 23)?
-15
Calculate (12 - 10) + -16 + -2 + 2 + -1.
-15
Calculate 12 + (3 + -1 - 3 - (54 + -48)).
5
(-1 - (-3 + -5 - -1)) + -14 + 1
-7
What is the value of (-3 - -15 - (5 + -2)) + 9?
18
What is the value of -3 + (1 + 5 - (32 - (19 + -4)))?
-14
Calculate (0 - 1) + (-9 - -19 - -2).
11
Calculate 5 + -11 + -10 + -3 + 3 + 1.
-15
Evaluate (11 - (5 - 6 - -5)) + (4 - 6).
5
Evaluate (2 - 0) + (8 - (-12 - -9 - 1)).
14
What is the value of 27 - 28 - 12 - -33?
20
Evaluate (-5 - (0 + 10 + (-38 - -36))) + -3.
-16
What is -14 + 32 + 3 + (-2 - -1) + -8?
12
What is the value of -27 + -10 + (6 - -4) + 6 + 1?
-20
Evaluate 2 - -2 - (25 + (19 - 46)).
6
What is the value of -13 - (-9 + (-10 - 2) + 15)?
-7
What is the value of -8 + (-2 - -2) + -1 + 5?
-4
Evaluate -3 - (9 + 3 - 2).
-13
Calculate -1 - (-8 + (5 - -2) + -7).
7
15 + -32 + 11 - (1 + -7)
0
What is the value of -4 + (1 - 7) + 8 + -2 + 0?
-4
168 + -161 - (-2 + (13 - 2))
-2
Calculate (1 - -8) + (3 - (4 - 3) - 13).
-2
Evaluate 12 + 2 - 14 - 6.
-6
What is (3 - (-2 + -8)) + (-5 - 2)?
6
What is (-3 - (7 + -2)) + (2 - 1 - 5)?
-12
Evaluate 44 - (46 + (33 - 65)).
30
What is -18 + (54 - 42) - (-28 + 1 + 1)?
20
Evaluate -9 - (-1 + 7 - 11 - -2 - -2).
-8
Calculate -5 - -10 - -6 - (-4 + 12 - 5).
8
4 + (2 - 11 - -2) + 14
11
Calculate (-25 + 20 - (-16 - 5)) + 1.
17
What is the value of 8 + -2 + (-9 - (-8 - 3))?
8
Calculate 22 + -13 + (-4 - 13).
-8
(10 - (26 + -20)) + 5
9
What is (-1 - 17 - 0) + (15 - 12) - 2?
-17
43 + -37 + 0 + -5 + -2 + -2
-3
-37 + 22 + -23 + 29
-9
What is 0 - 17 - (5 + 8 + -12 + 0)?
-18
What is the value of -1 + 6 + -3 + -1 + -16?
-15
Evaluate (-1 - -2) + (-34 - -4 - -5).
-24
Evaluate -1 + 1 + 13 - 23.
-10
Evaluate (-5 - -1) + 0 + 1 - 4 - -11.
4
-25 + (-4 - (2 + -8))
-23
(2 - (-19 - -13)) + 10
18
Evaluate 6 - (-7 - (-9 - 0 - 0 - -1)).
5
Calculate -62 + 21 + 23 + 42 + -1.
23
Evaluate 24 - 7 - (72 + -49).
-6
4 + 0 - (34 + (5 - 30))
-5
(1 - 24 - -8) + 30 - -2
17
-2 - -21 - (-6 + 10)
15
-773 + 794 + (-11 - 0)
10
Calculate (3 - -7) + -10 + 14.
14
Calculate (-9 - -19) + (-16 - -11) + 0.
5
Calculate -1 + (3 - (8 + (-7 - 0) - 1)).
2
What is -12 + 2 + -5 + 5?
-10
What is 14 + (42 - 20) + -38 + (-1 - -12)?
9
What is -1248 + 1213 - (0 + -50)?
15
Evaluate 3 + 7 + 100 + -102.
8
(24 - -13) + -16 + -7 + (10 - 4)
20
What is (8 - (68 + -71 - (-2 - -1))) + 3?
13
(4 + -19 - 2) + 14
-3
21 + (2 - 2) - 17
4
Evaluate (152 - 147) + (-10 - (-2 + 0)).
-3
What is 1 - (-15 - (17 + -7 - 17))?
9
What is the value of -9 - 0 - 0 - (57 + -20 - 25)?
-21
1 + ((-14 - -5) + -4 + 7 - -1)
-4
Calculate 9 + -4 + 2 + (6 - 2 - 6).
5
What is -18 + 5 + -9 + 16?
-6
Evaluate (-5 - -3) + 10 + -25 + 20.
3
Calculate 2 - (1 + 16 + -7 + 1 + -3).
-6
Evaluate -1 + 5 + -972 + 989.
21
What is -3 + 3 - 6 - 1 - -8?
1
Evaluate -23 - (-5 + (19 - 20)).
-17
What is the value of (-1056 - -1014) + (16 + 2 - 2)?
-26
(-5 - -14) + 27 + -10 + -3 + 3
26
-3 + 28 + -85 + 24
-36
Evaluate -1 - (8 - (4 + -7)) - (-7 - -1).
-6
What is 8 + -4 + 7 + -24?
-13
Evaluate 1 - ((2 - 0) + -2) - (357 + -355).
-1
Calculate -1 - -7 - (-43 + 80) - -8.
-23
What is -2 + 4 + 4 + (0 - 11 - -13)?
8
What is the value of 14 - (2 - (-1 + -9))?
2
What is the value of -20 + (0 - -4) + 8?
-8
12 